atest common factor of 858 and 792?
66
Calculate the highest common divisor of 95 and 437.
19
What is the greatest common divisor of 427 and 183?
61
What is the greatest common divisor of 34420 and 20?
20
Calculate the highest common factor of 38 and 361.
19
Calculate the greatest common factor of 14 and 18298.
14
Calculate the greatest common divisor of 82 and 205.
41
Calculate the greatest common divisor of 902 and 41.
41
Calculate the greatest common divisor of 115 and 46.
23
What is the greatest common divisor of 1728 and 27?
27
Calculate the highest common factor of 1150 and 414.
46
Calculate the greatest common divisor of 8460 and 360.
180
What is the highest common divisor of 476 and 224?
28
Calculate the greatest common factor of 702 and 36.
18
Calculate the greatest common factor of 1764 and 36.
36
Calculate the greatest common divisor of 160 and 560.
80
Calculate the greatest common factor of 518 and 14.
14
What is the greatest common divisor of 6 and 438?
6
What is the greatest common divisor of 60 and 14955?
15
What is the greatest common factor of 5 and 3?
1
Calculate the greatest common factor of 92 and 437.
23
Calculate the greatest common divisor of 21 and 11823.
21
Calculate the greatest common factor of 568 and 8.
8
Calculate the greatest common factor of 2356 and 228.
76
Calculate the greatest common factor of 98 and 742.
14
Calculate the highest common factor of 40 and 144.
8
What is the highest common factor of 128 and 432?
16
Calculate the highest common divisor of 32 and 28256.
32
What is the highest common divisor of 7 and 343?
7
Calculate the greatest common factor of 22 and 4246.
22
Calculate the highest common factor of 588 and 147.
147
What is the highest common factor of 264 and 1356?
12
What is the greatest common divisor of 645 and 15?
15
Calculate the greatest common factor of 45 and 720.
45
What is the highest common factor of 3667 and 193?
193
Calculate the highest common divisor of 735 and 30.
15
What is the highest common factor of 585 and 520?
65
Calculate the greatest common divisor of 106 and 1219.
53
What is the greatest common factor of 30 and 90?
30
Calculate the highest common divisor of 46 and 184.
46
Calculate the highest common factor of 18 and 78.
6
What is the highest common divisor of 208 and 52?
52
What is the greatest common divisor of 2 and 521?
1
What is the highest common factor of 720 and 64?
16
Calculate the greatest common factor of 1521 and 9.
9
What is the highest common divisor of 7575 and 450?
75
Calculate the greatest common divisor of 2 and 926.
2
What is the highest common divisor of 215 and 10?
5
Calculate the highest common factor of 52 and 533.
13
What is the highest common factor of 115 and 391?
23
What is the highest common factor of 1610 and 92?
46
What is the greatest common factor of 1869 and 42?
21
Calculate the greatest common divisor of 61 and 244.
61
What is the greatest common divisor of 157 and 3?
1
Calculate the greatest common divisor of 126 and 144.
18
Calculate the highest common factor of 28 and 1183.
7
Calculate the highest common divisor of 238 and 70.
14
What is the highest common factor of 18 and 2208?
6
What is the highest common divisor of 272 and 918?
34
Calculate the highest common divisor of 243 and 2997.
81
What is the greatest common divisor of 5 and 165?
5
Calculate the greatest common divisor of 7 and 357.
7
What is the greatest common factor of 1032 and 3741?
129
Calculate the greatest common divisor of 15 and 9015.
15
What is the highest common divisor of 54 and 558?
18
Calculate the highest common factor of 442 and 9860.
34
Calculate the highest common factor of 8 and 148.
4
What is the greatest common divisor of 54 and 405?
27
What is the greatest common divisor of 15573 and 87?
87
What is the greatest common factor of 2107 and 129?
43
What is the highest common divisor of 63 and 1008?
63
What is the highest common divisor of 5 and 1?
1
Calculate the greatest common factor of 126 and 144.
18
What is the greatest common divisor of 228 and 36?
12
Calculate the greatest common factor of 392 and 931.
49
What is the greatest common divisor of 3008 and 188?
188
What is the highest common factor of 95 and 266?
19
What is the highest common factor of 123 and 48?
3
Calculate the greatest common factor of 1316 and 611.
47
What is the greatest common divisor of 300 and 9?
3
Calculate the highest common factor of 3 and 1041.
3
Calculate the highest common divisor of 609 and 2523.
87
Calculate the greatest common factor of 732 and 37698.
366
Calculate the greatest common factor of 103 and 5.
1
What is the highest common divisor of 33 and 11?
11
What is the greatest common factor of 1967 and 217?
7
What is the highest common factor of 132 and 33792?
132
Calculate the greatest common factor of 1694 and 231.
77
What is the greatest common divisor of 576 and 320?
64
What is the greatest common factor of 240 and 1?
1
Calculate the greatest common factor of 6 and 48.
6
What is the highest common factor of 5250 and 140?
70
What is the highest common divisor of 29647 and 46?
23
Calculate the highest common factor of 65 and 585.
65
What is the highest common factor of 561 and 330?
33
Calculate the greatest common divisor of 8 and 118.
2
What is the greatest common factor of 7 and 17199?
7
What is the greatest common factor of 26195 and 26?
13
Calculate the greatest common factor of 36 and 816.
12
What is the greatest common divisor of 3874 and 26?
26
What is the greatest common factor of 21 and 245?
7
What is the highest common divisor of 407 and 148?
37
Calculate the greatest common divisor of 33 and 3377.
11
What is the greatest common divisor of 1054 and 2914?
62
What is the highest common divisor of 244 and 2074?
122
What is the highest common divisor of 1176 and 154?
14
What is the highest common factor of 12 and 420?
12
Calculate the greatest common divisor of 4275 and 825.
75
Calculate the highest common divisor of 8073 and 234.
117
What is the greatest common divisor of 21 and 4767?
21
What is the highest common divisor of 10712 and 416?
104
What is the highest common factor of 1901 and 2?
1
What is the highest common factor of 38 and 1026?
38
What is the greatest common factor of 360 and 80?
40
Calculate the greatest common divisor of 1943 and 201.
67
Calculate the highest common factor of 192 and 48.
48
What is the highest common factor of 21895 and 145?
145
Calculate the highest common factor of 9846 and 144.
18
What is the highest common factor of 258 and 430?
86
Calculate the greatest common factor of 1482 and 1368.
114
What is the greatest common factor of 1024 and 384?
128
What is the highest common factor of 98 and 1078?
98
Calculate the greatest common factor of 360 and 1260.
180
What is the highest common divisor of 169 and 117?
13
What is the greatest common divisor of 28 and 728?
28
What is the greatest common factor of 17068 and 170?
34
Calculate the greatest common divisor of 1204 and 3956.
172
What is the greatest common divisor of 32 and 744?
8
What is the highest common factor of 13559 and 91?
91
What is the greatest common factor of 1680 and 1890?
210
Calculate the highest common factor of 217 and 7.
7
Calculate the greatest common factor of 2052 and 81.
27
What is the highest common divisor of 360 and 648?
72
Calculate the greatest common divisor of 540 and 620.
20
Calculate the highest common divisor of 208 and 156.
52
What is the highest common divisor of 18 and 18?
18
Calculate the highest common divisor of 8804 and 71.
71
Calculate the greatest common factor of 1440 and 608.
32
Calculate the highest common divisor of 27 and 16875.
27
What is the highest common divisor of 11493 and 45?
9
What is the highest common factor of 8 and 34?
2
What is the highest common divisor of 100 and 4325?
25
Calculate the greatest common divisor of 66 and 6006.
66
What is the highest common divisor of 65 and 845?
65
What is the greatest common factor of 865 and 50?
5
Calculate the greatest common factor of 13174 and 56.
14
What is the highest common divisor of 3 and 3?
3
Calculate the highest common divisor of 252 and 32.
4
What is the greatest common factor of 5910 and 70?
10
Calculate the highest common divisor of 2254 and 196.
98
What is the greate